-a + 18. Let b be p(a). Calculate m(b).
-6
Let s(z) = z - 6. Let q(u) = u**2 + 7*u - 13. Let m be q(-9). Suppose b = -0*b - m. Determine s(b).
-11
Let d be (-1 - 1 - -4) + 1. Let x(y) = -459 + 927 - 469 + y. Calculate x(d).
2
Let x(a) = -a**3 + 5*a**2 + 6*a - 7. Let c be x(6). Let q(o) be the second derivative of -o**5/20 - o**4/2 + 5*o**3/3 + 7*o**2/2 - 173*o. What is q(c)?
-14
Let b(y) = 16*y + 3. Let u(a) = 8*a + 2. Let p(m) = -3*b(m) + 5*u(m). Let g = 8 + -15. Let z(k) = -k**3 - 8*k**2 - 7*k + 1. Let i be z(g). Calculate p(i).
-7
Suppose 5*v = -10*v + 45. Let d(m) = m + 5. Determine d(v).
8
Suppose 0 = -6*n - 19*n - 425. Let z(c) = c + 19. Determine z(n).
2
Let p(k) = -k**2 + 14*k + 27. Let x = -383 + 399. Calculate p(x).
-5
Let v(h) = h**3 + 15*h**2 - 34*h + 2. Let y be v(-17). Let o(x) = 8*x - 3 + 22*x - 17*x. Give o(y).
23
Let q(p) = 2*p**3 - 3*p**2 + 4*p - 3. Let r be 4 - (-63)/3 - 4. Suppose 3*o + k - r = 6*k, -3 = -3*o - k. Give q(o).
9
Let k(i) = 0 + 5 - 5*i - 1 + 4. Determine k(7).
-27
Let d = 0 - 6. Let c(h) be the second derivative of 1/6*h**3 + 0 + 5/2*h**2 - 6*h. Determine c(d).
-1
Let z(d) = -3*d**3 - 8*d**2 + 3 - 14 + 2*d**3 + 4 - 4*d**2 - 11*d. Calculate z(-11).
-7
Suppose -2*g = -6*g + 4*i + 20, 2*g - i = 8. Let z(h) = -1 + g*h + 2*h + 11*h. Let o = 1 + 0. What is z(o)?
15
Let w(h) = 2*h - 5. Let t(q) = -5 - q + 1 + 4 - 1. Let y be (0 + -1)/(1 - 0). Let u(j) = y*w(j) + 3*t(j). Determine u(3).
-13
Let w(f) = f**2 - 5*f + 2. Let j = -85 - -86. Let l be (-6)/(-36)*6*j*3. What is w(l)?
-4
Let n(t) be the second derivative of 1/12*t**4 + 0 + 5/2*t**2 - t - 1/3*t**3. Let a = 4 - 0. Determine n(a).
13
Let y(z) = z**3 - 7*z + 3. Let h be y(2). Let n(b) = -b**3 - 4*b**2 - 5*b - 5. Give n(h).
1
Let w(c) = c**2 + 5*c + 11. Let m be w(-6). Let y(n) = 21*n + n**2 - 2 + 3 - m*n. Determine y(-5).
6
Suppose 16*x - a = 14*x - 1, 5*x + 10 = a. Let y(l) = 3*l + 14. Determine y(x).
5
Suppose 993*n = 984*n + 63. Let l(s) = -s - 2*s + 4*s - 2*s + 8. Calculate l(n).
1
Let y(j) = -4*j - 2*j**2 + 10*j**3 - 9*j**3 + 6*j**2 + 7. Give y(-5).
2
Let q(d) = -d**2 + 6*d + 3. Let t(l) = -2*l + 23. Let h be t(8). Determine q(h).
-4
Let q(o) = -o. Suppose -11*f = -9*f - 12. Give q(f).
-6
Let d(o) = 2*o**3 + 6*o**2 + 4*o - 5. Let n be (145 - -9)/(-11) - -10. Give d(n).
-53
Let n = 14 - 7. Suppose -5*o - 24 = i - 9, 0 = -3*o - i - n. Let t(a) be the first derivative of a**2/2 - a + 1. What is t(o)?
-5
Let z(c) be the second derivative of c**4/3 - 5*c**3/6 + c**2 + 2*c. Let a(f) = -f**2 - f. Let l(w) = 3*a(w) + z(w). Determine l(7).
-5
Let s(u) = -442*u - 5 + 451*u + 10 + u**2. What is s(-9)?
5
Let y(m) = -m**3 - 6*m**2 + 7*m + 1. Suppose 13 + 7 = 4*d. Suppose -g + d*g + 28 = 0. Determine y(g).
1
Let q(m) = -2*m + 12. Let b(z) = -6*z + 73. Let u be b(14). Give q(u).
34
Let q(s) = -6*s - 2 + 2*s - 3 + 5*s. Let z(t) = -2 + 5 - 2. Let h(v) = -2*q(v) - 10*z(v). Give h(-1).
2
Let h(k) = 2*k**2 + 9*k - 5. Suppose 4*y = 5*t + 65, 0 = 4*t - 0*t - 2*y + 46. Let g(u) = -u**2 - 4*u + 2. Let b(d) = t*g(d) - 4*h(d). Determine b(0).
2
Let z(t) be the second derivative of t**4/12 + t**3 + 5*t**2/2 - 10*t. Suppose -4*k = -k - 36. Let f be 6/(-9)*90/k. What is z(f)?
0
Suppose -g + 4*p + 16 = -3*g, 5*p = 3*g - 31. Let a be 3*6/9 + 4. Let c(x) = 3*x + x**g - a*x - 7*x + 4 + 2*x. What is c(6)?
-8
Let d(v) = -2*v - 1. Let a(z) = 3*z**3 - z**2 - 16*z - 1. Let h(p) = -a(p) + 5*d(p). Determine h(2).
-12
Suppose -15*k + 2*k = -13. Let b(h) = -25*h - 1. Give b(k).
-26
Let o(d) = -4*d**2 + 6*d**2 + 1 + 2*d + 4870*d**3 - 4836*d**3. Give o(-1).
-33
Let b(g) = 2*g**2 - 8*g - 26. Let a(t) = -51*t + 363. Let p be a(7). Determine b(p).
-2
Let o be (-6)/20 - 0 - (-49)/(-70). Let i(a) = 10*a - 5. Let v(x) = -5*x. Let d(p) = p - 1. Let s(j) = 4*d(j) - v(j). Let z(t) = -4*i(t) + 5*s(t). What is z(o)?
-5
Suppose 3*f + 4 = -j, -8*f - 16 = 3*j - 3*f. Let d(b) be the first derivative of b**4/4 + 2*b**3 - 4*b**2 - 7*b + 1. Calculate d(j).
0
Let y be (3/(-9))/(2/6). Let u(b) = -4*b**3 - 2*b - 1. Calculate u(y).
5
Let u(w) = 37*w - 31*w + 6*w**2 - 2*w**2 + 6 - 3*w**2. Calculate u(-5).
1
Suppose 8 = -5*m + 3. Let y(w) = 209*w + 55. Let d(i) = -23*i - 6. Let x(f) = -55*d(f) - 6*y(f). Calculate x(m).
-11
Let s(b) = -3*b**3 + b. Let h = 39 + -22. Suppose -3*x - 4*k - h = 0, 0 = 4*x + 4*k + 12 + 4. Suppose -2*c + 6 = -4*i, -2*i - 5*c + x = 2*i. Calculate s(i).
2
Suppose 3*l - 9 = 0, x - 3*x - 2*l = -10. Let z(b) = -3*b + 3*b + 5*b + 3*b**x - b**3 - b. Determine z(4).
0
Let s(v) = v**3 + 8*v**2 + 7*v + 15. Let t(g) = g**2 - 2*g + 1. Let o(w) = s(w) + 2*t(w). Give o(-10).
-13
Let n(l) = -l - 15. Suppose 3*x + 2*x + 70 = 0. Let k be n(x). Let w(m) = -14*m**3 - m**2. Determine w(k).
13
Let r(h) = 3*h**3 - 5*h**2 - 5*h + 20. Let b(l) = -7*l**3 + 11*l**2 + 11*l - 42. Let z(w) = 4*b(w) + 9*r(w). Give z(0).
12
Let l(s) = -2*s - 37. Let u be l(0). Let o = -32 - u. Let p(h) = h + 1. Calculate p(o).
6
Suppose -b - 6 = 2*b. Let c = -3 - b. Let p(o) = -90 + 287 - 99 - 97 + 5*o. Calculate p(c).
-4
Let v(s) = 113*s**3 - 15*s + 7*s**2 + 6*s - 114*s**3. Determine v(6).
-18
Suppose g = 4 - 0. Suppose -6 = -g*w + 6. Suppose 12 = -4*d - 4*m, 4*d = -5*m - 5 - w. Let x(c) = -c**2 - 9*c - 10. Calculate x(d).
4
Let m(x) = 13*x**2 - 5*x + 2. Let y(s) = 2*s**2 + 2*s - 1. Let f(w) = m(w) - 6*y(w). What is f(16)?
-8
Let y(a) = -a**3 - 7*a + 7429*a**2 - a - 3718*a**2 - 3718*a**2. Give y(-7).
56
Let q(s) be the third derivative of s**5/60 + 7*s**4/24 + 4*s**3/3 + 12*s**2. Let l be q(-6). Let v(j) = -j + j**l + 4*j**3 - 5*j**3 + 7 - 7. Determine v(1).
-1
Let n(y) = -y**2 - 5*y - 1. Let b = 710 - 716. What is n(b)?
-7
Suppose -4*j + 6 = -22. Suppose -j*y - 5 = -19. Let z(g) = 8*g - 1. Determine z(y).
15
Let u = -2 + 2. Let t(j) be the first derivative of -4*j + 1/2*j**2 - 19. Give t(u).
-4
Let z(n) = 5*n**2 + n + 13. Let m(s) = 14*s**2 + 2*s + 38. Let j(p) = 6*m(p) - 17*z(p). Let g be (-20)/50 + (-4)/(-10). Let u = -5 + g. What is j(u)?
7
Suppose -2*k - 2*k = -12. Suppose 0 = 8*o - k*o. Suppose -5*c = -o*c - 20. Let p(s) = -s**2 + s + 3. Determine p(c).
-9
Suppose -5*j - 4*g = -3*g - 3, 6 = j + 2*g. Let i(d) be the second derivative of -d**4/12 - 2*d. Let l be i(j). Let p(u) = -u**2 + u + 8. Calculate p(l).
8
Let u(d) = -45 - 50 + 5*d - 47 + 142. Give u(4).
20
Let r(g) be the first derivative of 2*g**2 - 6*g - 172. Determine r(4).
10
Suppose -1030 + 1009 = -7*j. Let q(f) be the second derivative of -1/6*f**j - 2*f + 1/2*f**2 + 0. What is q(4)?
-3
Let v(n) = 13 - 3*n - 3*n + 20 + 4*n - 37. Suppose 0*w = 3*w + 15. Let s be w*((1 - -2) + -2). Give v(s).
6
Let n(i) = -10*i + 2. Suppose 0 = 4*g + d - 4, -18*d = -3*g - 14*d + 3. What is n(g)?
-8
Let u be (1 - 0) + (-3 - 1). Let x be u - (0 - -3 - (-7 + 7)). Let c(b) = b**2 + 8*b + 9. Calculate c(x).
-3
Let g(t) = 2*t**2 + 2*t**3 + 4 - t + 2*t**2 - t**3. Suppose -2*k + 4*u = 0, 4*u + 26 = -5*k + u. Let c = k - 0. Determine g(c).
8
Let p(r) be the first derivative of -r**2 - 6*r - 179. Determine p(-11).
16
Let i be 6/21 - (-240)/42. Suppose -9*h - i = -8*h. Let y(x) be the first derivative of 3*x**2/2 + 9*x - 2. Determine y(h).
-9
Let u(k) = 8*k - 3. Suppose -3*y - 16 + 3 = -2*w, 3*y - 4*w + 17 = 0. Give u(y).
-27
Suppose 5*x = -22 + 37. Let y(l) = 0*l + 36 + 3*l - l**x - 35. Determine y(-2).
3
Let n(j) = -5*j + j + 3*j + 85 - 87. Let w be 0 + 11/(44/(-24)). Determine n(w).
4
Let c(j) = 4*j - 1. Let s(r) = -r**3 + 1. Let l be s(-1). Suppose l*w + 7 = 3*w - 2*i, 4*w + 8 = -i. Determine c(w).
-5
Suppose p - 5 = -i, 21*p - 4*i - 15 = 18*p. Let h(k) = -k**3 + 7*k**2 - 7*k + 7. What is h(p)?
22
Suppose 4 + 2 = 2*p. Let y(g) = 2*g**2 + g + 0*g**2 - 1 - p*g**2 - g**2. Let b(n) = n**3 - 35*n**2 - 37*n + 38. Let m be b(36). What is y(m)?
-7
Let h = -5 + 0. Suppose -2*l - 39 = -31. Let f(w) = 9*w + 17. Let v(d) = -5*d - 10. Let c(u) = l*f(u) - 7*v(u). What is c(h)?
7
Suppose -3*l - 125 = -8*l. Let y = 24 - l. Let x(j) be the second derivative of -7*j**3/2 - 2*j. Determine x(y).
21
Let n be 3/(1 + (-6)/4 + 2). Let p(a) = -n*a + 28 - 19 - 8. Determine p(2).
-3
Let p(o) = 5*o**3 + 21*o**2 + 13*o + 27. Let f(s) = 4*s**3 + 20*s**2 + 14*s + 26. Let z(j) = -4*f(j) + 3*p(j). What is z(-16)?
-7
Let w = 3 + -9. L